v = z - 23, 2*v + z + 52 = 0. Let u = -13 - v. What is the remainder when (5/(-2))/(1/(-14)) is divided by u?
11
Suppose -3*q = -10*q + 294. What is the remainder when q is divided by 11?
9
Let o = 34 - 31. Calculate the remainder when o is divided by 2.
1
Calculate the remainder when 11 is divided by (-53)/(-11) + 2/11.
1
Suppose -4*g - g + 121 = 4*n, 2*n + 76 = 4*g. Calculate the remainder when g is divided by 12.
9
Suppose -5*f + x + 240 = 0, -4*x + 155 = 4*f - 37. Let o(a) = a + 6. Calculate the remainder when f is divided by o(11).
14
Suppose d - 6*d = -115. Let t = d - 12. Calculate the remainder when 20 is divided by t.
9
What is the remainder when 121 is divided by 30/3*(-45)/(-18)?
21
Let w = -233 + 359. Suppose 3*h = 4*b - w, -b + 5*b = 2*h + 128. Calculate the remainder when b is divided by 18.
15
Let l(s) be the first derivative of -s**2/2 - 2*s + 5. What is the remainder when l(-11) is divided by 4?
1
Suppose -3*y - 2 + 38 = 0. What is the remainder when 30 is divided by y?
6
Let b = 25 - -22. Calculate the remainder when b is divided by (-5)/(5/(-12)) + 0.
11
Suppose y - 7 = -f - 2*y, 3*y = 4*f - 103. Suppose -3*v + f = 4*h, -5*v - 4*h + 1 + 25 = 0. What is the remainder when v is divided by 1?
0
Let r(z) = -z**2 + 7. Let f(i) = i**2 - 1. Let m(d) = 6*f(d) + r(d). Suppose 2*c = 2 + 20. What is the remainder when c is divided by m(-1)?
5
Let p be ((-12)/8)/(6/(-4)). Let j = 19 + -4. Calculate the remainder when j is divided by (1/3)/(p/24).
7
Suppose -36 = -4*i - 2*i. Calculate the remainder when 9 is divided by i.
3
Suppose 3*k + q + 0*q = 81, -5*k + 118 = -4*q. Let l = k + -7. What is the remainder when 75 is divided by l?
18
Suppose 6*q - q + 10 = -5*h, -3*q - 14 = -h. Suppose -5*l = -h*l - 69. Suppose -3*r = r - 32. Calculate the remainder when l is divided by r.
7
Suppose m + 2*m = 6. What is the remainder when m*11 - (-4)/2 is divided by 9?
6
Let d(q) = 16*q - 1. Let x be d(2). Suppose 10 = -3*b + x. What is the remainder when b is divided by 3?
1
Suppose -7*f = f - 96. Calculate the remainder when f is divided by 6.
0
Let x(s) = -s**3 - 2*s**2 + 4*s + 3. Let n be x(-3). What is the remainder when -3 + 4 + n + 34 is divided by ((-2)/(-4))/((-1)/(-24))?
11
Let y(b) = -3*b**3 + 2*b**2 - b + 1. Let w be y(-2). Let g = w + -21. Calculate the remainder when 53 is divided by g.
11
Let g(x) = 6*x**2 - 2*x - 2. What is the remainder when g(-2) is divided by 14?
12
Suppose 0 = o + 3, -2*w + 112 = -0*w + 4*o. Suppose -r - r + 42 = 0. What is the remainder when w is divided by r?
20
Suppose 24*n - 26*n = -58. Let a(s) = 6*s**2 + 2*s - 3. Calculate the remainder when a(-4) is divided by n.
27
Let b(g) = g**2 - 6*g + 4. Let h be b(-4). Suppose 3*a + 0*i = 4*i + h, -25 = -5*a - 3*i. What is the remainder when 0/(-2) + 0 - -14 is divided by a?
6
Suppose -3*t = -t - 18. Let f = 12 + -7. Suppose -f*l + 3*d = -33, 4*l - 4*d = t*l - 26. Calculate the remainder when 10 is divided by l.
4
Let g = 150 + 95. Calculate the remainder when 30 is divided by g/15 - 2/6.
14
Let n = 19 + -10. Calculate the remainder when (-57)/(-2) - n/(-6) is divided by 11.
8
Let p(u) = 2*u - 4. Let a be p(4). Suppose 0 = a*i - 0*i. Suppose -4*q + 22 + 42 = i. What is the remainder when q is divided by 6?
4
Suppose 13*s = 206 + 80. Let a(u) = -11*u - 3. Calculate the remainder when a(-4) is divided by s.
19
Suppose 5*k - 11 = 9. Suppose k*n - 12 = 4. Calculate the remainder when n is divided by 2.
0
Let x = 11 - 11. Suppose x = -2*f + 5 + 21. Calculate the remainder when 36 is divided by f.
10
Suppose 0 = -2*g - 2*g + 40. Let h = 18 - -1. What is the remainder when h is divided by g?
9
What is the remainder when 152/(4/(-1))*-2 is divided by 16?
12
Let r = 3 - 0. Suppose 0 = r*v - a - 23, -a - 31 = -v - 3*v. What is the remainder when 31 is divided by v?
7
Let i(m) = 2 + 3*m + 0*m + 2 - m. What is the remainder when 26 is divided by i(5)?
12
Let f = 3 + 0. Suppose -4*a - 5*t = -56, -3*a + 35 = -f*t - 7. Calculate the remainder when 54 is divided by a.
12
Let w = -4 + 9. Suppose -3*t + 42 + 8 = w*b, 5*b = -2*t + 40. Calculate the remainder when 37 is divided by t.
7
Suppose 3*w - 30 = -0*w. Suppose 2*a - 140 = -2*a + 3*s, 4*a = 4*s + 136. What is the remainder when a is divided by w?
8
Let z(h) = h - 4. Let v be z(7). Suppose -v*r + 7*w = 2*w - 42, 3*w = -5*r + 104. Calculate the remainder when 37 is divided by r.
18
Let a = 29 + -6. What is the remainder when a is divided by 14?
9
Let i(b) = b**3 + 7*b**2 + 7*b. Let f be i(-6). What is the remainder when (-2)/f + (-220)/(-6) is divided by 13?
11
Suppose 0 = -3*h + 10 + 2. Let z(s) = h*s**2 - 44 + 44 + 3*s. Calculate the remainder when 37 is divided by z(-2).
7
Suppose -l = -5*l. Let c(r) = -r**2 + 8*r + 1. What is the remainder when 14 - (0 - 1 - l) is divided by c(7)?
7
Let b(m) = -m**2 - 11*m + 4. Let s be b(-11). Suppose 100 = s*j + j. Calculate the remainder when j is divided by 8.
4
Let l = -3 + 6. Suppose r - 6 = -6*y + y, -l*r = -3. Calculate the remainder when 1 is divided by y.
0
Let m(x) = -7*x - 1. What is the remainder when m(-13) is divided by 24?
18
Suppose -j + 2*l = -2 + 1, 36 = 3*j + 5*l. Suppose j + 35 = 2*c. Let t = c + -10. What is the remainder when t is divided by 6?
5
Suppose -u + 20 = u. Suppose 5*d - 9*d + 24 = 0. Calculate the remainder when u is divided by d.
4
Let z be ((-3)/(-3))/(2/28). Let f = -5 + z. Calculate the remainder when 16 is divided by f.
7
What is the remainder when (0 - -1)/((-10)/(-390)) is divided by 21?
18
Let y(s) = 2*s**2 - 9*s + 18. What is the remainder when 41 is divided by y(3)?
5
Suppose -5*k + 3 = -3*r, -2*k = -7*r + 2*r + 14. Suppose r*y - 25 = 19. Calculate the remainder when 21 is divided by y.
10
Let g(a) = -6*a - 5. Suppose 4*i + 6 = -3*s, i = -2*s - 3*i. Calculate the remainder when g(s) is divided by (-22)/(-3)*6/4.
9
Suppose 0*x + 30 = 6*x. What is the remainder when 34 is divided by x?
4
Let p be (0 - 0)/(-2) + 3. Suppose -5*q - 360 = -10*q. Suppose y - q = -p*y. Calculate the remainder when 35 is divided by y.
17
Suppose -m + 12 = -5*r, 3*m - 5*r = 17 - 1. Let s = 4 + -2. Suppose s*d + o = 1 + 2, -d = -4*o - 6. What is the remainder when d is divided by m?
0
Let c = 168 + -153. What is the remainder when 41 is divided by c?
11
Suppose -4*r - 2*x + 38 = 0, -6*x - 31 = -5*r - 3*x. Calculate the remainder when ((-14)/r)/(7/(-28)) is divided by 5.
2
What is the remainder when 35/(-3)*(-24)/8 is divided by 19?
16
Let z(p) be the third derivative of 0*p - 1/12*p**5 + 2/3*p**3 - 5/24*p**4 + p**2 + 0 + 1/120*p**6. What is the remainder when z(6) is divided by 6?
4
Let z = 58 + -56. Calculate the remainder when 7 is divided by z.
1
Suppose 0 = -4*s + 329 - 121. What is the remainder when s is divided by 11?
8
Let b(s) = s**2 + 4*s + 2. Let y be b(-4). Suppose -2*a = 5*r - 46, -7*a - y*r + 47 = -4*a. Calculate the remainder when 50 is divided by a.
11
Let f = -11 + -30. Let j = 215 - 140. Let w = j + f. What is the remainder when w is divided by 12?
10
Let v(c) = -c**2 + 15*c - 29. Calculate the remainder when 15 is divided by v(12).
1
Suppose 3*o = 4 + 2. Suppose 4*x = x + o*y + 30, -2*x = 2*y - 20. Suppose 0 = -3*d + 10*d - 28. What is the remainder when x is divided by d?
2
Let q = 116 + -72. Calculate the remainder when q is divided by 12.
8
Suppose -3*n = -g + 16, -74 - 16 = -5*g + 5*n. Calculate the remainder when g is divided by 10.
9
Let l(g) be the second derivative of -g**3/6 + g**2 - g. Let i = -23 - -17. What is the remainder when 15 is divided by l(i)?
7
Let y = -12 - -17. Suppose y*s + 6 = -5*d + d, -2*s - 2*d = 4. What is the remainder when 2 is divided by s?
0
Let p = -121 + 268. What is the remainder when p is divided by 30?
27
Let d(f) = -8*f**2 - 1. Let o be d(-1). Let b be (-9)/(-6)*(-48)/o. Let j = 18 + b. What is the remainder when j is divided by 7?
5
Let f = 0 - -4. Suppose f*n + 56 - 7 = 3*p, -74 = -5*p - n. Suppose -2*x = -4*x + 16. What is the remainder when p is divided by x?
7
Let g(t) be the third derivative of -t**4/24 + 3*t**3 - 5*t**2. Let n(u) = -u. What is the remainder when g(14) is divided by n(-2)?
0
Let g = -2 + 41. What is the remainder when g is divided by 10*(0 - (1 + -2))?
9
Let l = 2 + -2. Suppose -3*x - 5*k + 53 = 0,